Calculate q(-4).
-6
Let l(r) = -r**3 + 347*r**2 - 388*r + 14527. Calculate l(346).
-5
Let m(b) = -185*b**3 - 117*b**2 - 115*b + 2. Calculate m(-1).
185
Let y(s) = s**2 - 6*s - 319. Give y(-16).
33
Let d(y) = -21*y - 1007. Calculate d(-48).
1
Let b(u) = 622*u - 2070. Determine b(3).
-204
Let r(t) = t**3 - 33*t**2 + 44*t + 453. What is r(31)?
-105
Let n(t) = t**3 + t**2 - 7*t + 49. Calculate n(-4).
29
Let p(o) = 53*o**3 + o. What is p(1)?
54
Let k(z) = 53*z - 1570. Determine k(30).
20
Let q(j) = j**3 + 22*j**2 - 26*j - 980. Determine q(-21).
7
Let l(j) = -5*j**3 + 4*j**2 - 3*j + 3. What is l(2)?
-27
Let j(t) = 2*t**3 + 2*t**2 + 15*t - 44. Give j(2).
10
Let m(p) = -9191*p + 73517. Give m(8).
-11
Let x(n) = -39*n**3 - n**2 - 2*n - 2. Give x(-1).
38
Let c(b) = -b**3 - 5*b**2 + 273*b + 143. Determine c(-19).
10
Let k(z) = 46*z + 706. What is k(-16)?
-30
Let o(c) = 2*c**3 + 54*c**2 - 104*c - 98. Give o(-29).
-446
Let l(m) = m**2 - 24*m - 491. Calculate l(-13).
-10
Let s(l) = 302*l**2 - 6650*l + 125. Determine s(22).
-7
Let m(b) = 4*b**2 + 28*b + 48. Give m(-8).
80
Let c(i) = -2606*i - 15639. Determine c(-6).
-3
Let s(g) = -35*g**2 - 171*g + 2. Determine s(-5).
-18
Let p(c) = -195*c + 781. What is p(3)?
196
Let r(w) = -9*w - 35. Calculate r(-17).
118
Let w(y) = -y**3 + 21*y**2 + 17*y + 77. Calculate w(22).
-33
Let z(u) = 30*u - 485. Calculate z(3).
-395
Let g(o) = 117*o + 4072. Calculate g(-35).
-23
Let p(l) = -7*l**2 - 5*l + 129. Calculate p(4).
-3
Let a(t) = 33*t - 79. What is a(0)?
-79
Let i(l) = 249*l - 161. Give i(2).
337
Let s(h) = -h**3 + 9*h**2 - 76*h + 346. Give s(6).
-2
Let x(z) = -6*z**2 - 815*z + 118. Calculate x(-136).
-18
Let o(z) = 7*z**2 - 216*z - 12. What is o(31)?
19
Let x(m) = -m**2 + 52*m - 456. Calculate x(10).
-36
Let x(p) = -18*p + 154. What is x(3)?
100
Let s(d) = 5*d**3 + 771*d**2 - 3003*d - 156. Give s(-158).
2
Let h(t) = -t**3 - 27*t**2 - 22*t + 73. Determine h(-26).
-31
Let u(t) = -t**3 - 27*t**2 + 31*t - 796. What is u(-29)?
-13
Let y(s) = -s**3 - 31*s**2 + 69*s + 117. What is y(-33)?
18
Let t(i) = 15*i + 118. Determine t(-18).
-152
Let o(h) = h**2 - 149*h - 1248. What is o(-8)?
8
Let x(q) = 2*q**2 - 25*q - 186. Give x(-6).
36
Let m(y) = y**3 + 93*y**2 - 290*y - 258. Determine m(-96).
-66
Let h(a) = -114*a - 4086. Determine h(-36).
18
Let u(z) = -2380*z + 9511. Determine u(4).
-9
Let p(l) = 6*l**2 + 308*l + 57. Calculate p(-51).
-45
Let j(h) = 2668*h - 13379. Calculate j(5).
-39
Let v(o) = 18*o - 56. Calculate v(12).
160
Let j(m) = -158*m + 2. Calculate j(-1).
160
Let z(b) = b**2 + 63*b + 513. Determine z(-9).
27
Let q(i) = -277*i - 823. Determine q(-5).
562
Let b(g) = -3*g**2 - 279*g - 2918. Determine b(-81).
-2
Let n(g) = g**2 - 25*g + 52. What is n(2)?
6
Let q(n) = -n**2 + 6799*n + 13606. Determine q(-2).
4
Let y(n) = -399*n + 19154. Calculate y(48).
2
Let a(q) = q**3 + q**2 + 14*q - 75. Determine a(4).
61
Let g(w) = -915*w + 70453. Give g(77).
-2
Let l(a) = a**3 + 6*a**2 - 91*a - 299. Give l(-3).
1
Let j(a) = a**2 - 135*a - 5773. Determine j(169).
-27
Let g(b) = -b**3 + 20*b**2 - 87*b + 33. What is g(14)?
-9
Let z(w) = -70*w - 522. Give z(-8).
38
Let k(b) = -b**3 + 3*b**2 - 13*b + 39. Calculate k(4).
-29
Let r(x) = x**3 - 3*x**2 + 26*x + 124. Calculate r(-3).
-8
Let h(w) = -109*w + 5348. Determine h(49).
7
Let q(c) = -3*c**2 - 36*c + 35. Calculate q(-13).
-4
Let y(j) = j**3 - 10*j**2 + 6*j + 24. Determine y(9).
-3
Let t(l) = -2*l**3 + 14*l**2 - 10*l - 9. What is t(4)?
47
Let j(q) = q**3 - 6*q**2 - 36*q + 182. What is j(7)?
-21
Let k(x) = -25*x**2 + 10*x + 8. Determine k(-2).
-112
Let s(d) = 3*d**3 - 28*d**2 - 22*d + 320. Give s(9).
41
Let v(y) = 731*y + 4590. Determine v(-6).
204
Let c(s) = -s**3 - 8*s**2 - 27*s - 105. Determine c(-7).
35
Let s(f) = f**2 + 11*f + 43. What is s(-7)?
15
Let k(o) = -11*o - 188. Calculate k(-16).
-12
Let b(p) = 7*p**3 + 89*p**2 + 129*p - 25. What is b(-11)?
8
Let w(s) = -2*s**3 + s**2 - 2*s - 222. Calculate w(0).
-222
Let o(v) = 14*v - 1. What is o(13)?
181
Let l(a) = 3*a**2 + 54*a + 53. What is l(-20)?
173
Let w(l) = -l**2 - 2872*l + 40403. Determine w(14).
-1
Let z(a) = -10*a - 93. What is z(-6)?
-33
Let i(r) = -2*r**2 - 56*r - 300. Determine i(-23).
-70
Let f(d) = -d**2 - 29*d - 218. Determine f(-16).
-10
Let o(i) = i**2 + 67*i + 1049. Determine o(-27).
-31
Let t(x) = x**3 - 9*x**2 - 38*x - 82. Determine t(12).
-106
Let h(z) = -14*z**3 + 52*z**2 + 15*z - 1. Calculate h(4).
-5
Let o(r) = -r**3 - 50*r**2 - 393*r + 16. What is o(-12)?
-740
Let v(l) = -409*l - 47865. Determine v(-117).
-12
Let g(w) = -w**3 - 7*w**2 + 29*w + 14. Determine g(-6).
-196
Let i(p) = 18*p - 129. Give i(11).
69
Let g(w) = -w**3 - 19*w**2 + 3*w + 23. Determine g(-19).
-34
Let v(c) = 12*c**2 + 16*c - 89. What is v(6)?
439
Let n(o) = -2283*o - 43363. What is n(-19)?
14
Let q(v) = -v**2 + 491*v + 4991. Give q(-10).
-19
Let a(v) = 14*v**3 - 1317*v**2 + 94*v + 15. Determine a(94).
15
Let d(w) = -w**3 - 60*w**2 - 37*w + 1277. Determine d(-59).
-21
Let f(r) = -13*r**3 + 8*r**2 + 133*r + 127. Give f(-1).
15
Let r(u) = -22*u + 419. What is r(22)?
-65
Let r(o) = -12*o - 297. What is r(-16)?
-105
Let u(j) = j**2 - 36*j + 27. Calculate u(37).
64
Let x(o) = -o**3 - 6*o**2 + 99*o + 28. What is x(7)?
84
Let f(p) = 50*p**2 + 318*p + 9. Determine f(-6).
-99
Let t(a) = -3*a**3 - 8*a**2 + 5*a + 1. Determine t(-6).
331
Let l(r) = r**3 - 3*r**2 - 11*r + 104. Calculate l(4).
76
Let g(d) = 2*d**2 - 24*d + 33. Determine g(13).
59
Let n(q) = 2146*q - 10753. Give n(5).
-23
Let y(k) = -5*k**3 - 272*k**2 + 448*k + 8. Give y(-56).
8
Let z(a) = 121*a + 7378. Give z(-61).
-3
Let i(r) = 65*r**2 + r - 5. What is i(1)?
61
Let b(h) = -215*h**3 + 2*h**2 + 66*h + 65. Give b(-1).
216
Let b(a) = -102*a + 2120. Determine b(19).
182
Let g(i) = 12*i**2 + 7*i - 5. What is g(2)?
57
Let p(v) = 51*v**2 - 3826*v + 100. Calculate p(75).
25
Let w(i) = 2*i**2 - 120*i + 88. Determine w(59).
-30
Let o(p) = -2*p**3 + 7*p**2 + 21*p. What is o(5)?
30
Let x(p) = 20*p + 415. Calculate x(-25).
-85
Let z(t) = 5*t**3 + 250*t**2 + t + 36. Determine z(-50).
-14
Let j(f) = -f**3 + 16*f**2 + 8*f - 146. Calculate j(16).
-18
Let q(z) = 13418*z + 134182. Determine q(-10).
2
Let p(r) = -r**3 + 17*r**2 - 15*r + 240. Calculate p(17).
-15
Let x(n) = -24*n - 207. What is x(5)?
-327
Let i(s) = s**3 + 12*s**2 - s + 32. What is i(-12)?
44
Let v(f) = -2*f**3 - 2*f**2 - f + 1. Calculate v(-3).
40
Let k(r) = r**2 + 2*r - 39. Give k(-5).
-24
Let p(o) = -2*o**2 + 88*o + 82. Give p(45).
-8
Let c(t) = 104*t - 622. Determine c(6).
2
Let j(w) = 6*w + 161. Give j(-13).
83
Let g(y) = -y**2 - 36*y - 312. Determine g(-15).
3
Let u(g) = 42*g + 1055. What is u(-25)?
5
Let x(i) = 28*i**3 - 6*i**2 + 7*i. What is x(1)?
29
Let x(f) = f**2 - 4155*f - 70912. Calculate x(-17).
12
Let h(b) = 139*b + 60. What is h(-2)?
-218
Let y(u) = -218*u + 1305. Give y(6).
-3
Let r(q) = -3*q**2 - 3942*q + 3943. Calculate r(1).
-2
Let t(u) = -5*u**3 + 28*u**2 + 4*u - 20. Give t(4).
124
Let f(w) = 6*w**3 + 48*w**2 + 4*w + 39. What is f(-8)?
7
Let k(g) = 251*g + 564. Determine k(-2).
62
Let g(b) = -16*b + 435. Calculate g(27).
3
Let z(r) = -3*r**2 - 57*r - 52. Calculate z(-18).
2
Let f(k) = -360*k - 2102. Give f(-7).
418
Let a(g) = -g**3 - 41*g**2 + 307*g + 1183. Calculate a(-47).
8
Let v(o) = -o**2 + 72*o - 865. Determine v(57).
-10
Let i(a) = -3*a**2 - 2*a + 19. What is i(0)?
19
Let r(n) = 24*n**3 - 120*n**2 + 141*n - 700. What is r(5)?
5
Let g(k) = 392*k**3 - 2*k**2 + 3*k. Give g(1).
393
Let p(b) = 8*b**2 + 99*b + 274. Determine p(-8).
-6
Let n(y) = 107*y + 553. Determine n(-5).
18
Let v(u) = -275*u - 10739. Determine v(-39).
-14
Let k(v) = 27*v + 769. Determine k(-28).
13
Let d(j) = -j**2 - 125*j - 1138. Give d(-10).
12
Let o(i) = -i**3 + 9*i**2 + 31. What is o(9)?
31
Let k(s) = -12*s**2 - 28*s + 94. Give k(3).
-98
Let f(n) = -n**2 + 695*n - 3452. Calculate f(5).
-2
Let r(y) = 3*y**3 + 3*y**2 - 38*y + 157. Determine r(6).
685
Let s(g) = g**3 - 19*g**2 + 53*g - 4. Determine s(16).
76
Let w(q) = -3*q**2 - 1284*q - 5083. Determine w(-4).
5
Let i(k) = -162*k + 2583. Calculate i(16).
-9
Let i(n) = -5*n**3 - 16*n**2 - 57*n + 74. Calculate i(1).
-4
Let u(l) = -28*l - 214. What is u(-5)?
-74
Let m(f) = 68*f**2 - 175*f + 163. Wh